{"id":1022,"date":"2016-12-13T15:17:53","date_gmt":"2016-12-13T15:17:53","guid":{"rendered":"http:\/\/otif.ch\/en\/?page_id=1022"},"modified":"2022-02-09T12:46:42","modified_gmt":"2022-02-09T12:46:42","slug":"working-documents-2","status":"publish","type":"page","link":"https:\/\/extranet.otif.org\/jur\/?page_id=1022","title":{"rendered":"Deuxi\u00e8me \/ Zweite \/ Second"},"content":{"rendered":"<div class=\"wpb-content-wrapper\"><p>[vc_row][vc_column][vc_column_text]<\/p>\n<h3 style=\"text-align: left;\">2<sup>e<\/sup> session : 30 octobre 2019 (Vilnius)<\/h3>\n<h3 style=\"text-align: left;\">2. Tagung: 30. Oktober 2019 (Vilnius)<\/h3>\n<h3 style=\"text-align: left;\">2<sup>nd<\/sup> Session: 30 October 2019 (Vilnius)<br \/>\n<img decoding=\"async\" class=\"alignnone\" src=\"http:\/\/otif.org\/fileadmin\/images\/icons\/line.png\" width=\"800\" height=\"1\" \/><\/h3>\n<p>[\/vc_column_text][vc_toggle title=&#8221;Convocation \/ Einladung \/ Invitation&#8221; el_id=&#8221;1479647993798-170dde84-f195&#8243;]<\/p>\n<table width=\"661\">\n<tbody>\n<tr>\n<td rowspan=\"3\" width=\"144\">\n<p style=\"text-align: center;\"><span style=\"font-size: 10pt;\">LAW-19019-ACC 2\/GTEJ 2\u00a0<\/span><\/p>\n<\/td>\n<td style=\"text-align: left;\" width=\"289\"><span style=\"font-size: 10pt;\">Convocation<\/span><\/td>\n<td style=\"text-align: center;\" rowspan=\"3\" width=\"113\"><span style=\"font-size: 10pt;\">27.06.2019<\/span><\/td>\n<td style=\"text-align: center;\" width=\"55\"><span style=\"font-size: 10pt;\"><a href=\"\/ad_hoc_committee_on_cooperation\/ACC2\/LAW-19019-ACC2_GTEJ2-f-Convocation.pdf\">PDF<\/a><\/span><\/td>\n<\/tr>\n<tr>\n<td style=\"text-align: left;\" width=\"289\"><span style=\"font-size: 10pt;\">Einladung<\/span><\/td>\n<td style=\"text-align: center;\" width=\"55\"><span style=\"font-size: 10pt;\"><a href=\"\/ad_hoc_committee_on_cooperation\/ACC2\/LAW-19019-ACC2_GTEJ2-d-Einladung.pdf\">PDF<\/a><\/span><\/td>\n<\/tr>\n<tr>\n<td style=\"text-align: left;\" width=\"289\"><span style=\"font-size: 10pt;\">Invitation<\/span><\/td>\n<td style=\"text-align: center;\" width=\"55\"><span style=\"font-size: 10pt;\"><a href=\"\/ad_hoc_committee_on_cooperation\/ACC2\/LAW-19019-ACC2_GTEJ2-e-Invitation.pdf\">PDF<\/a><\/span><\/td>\n<\/tr>\n<\/tbody>\n<\/table>\n<p>[\/vc_toggle][vc_toggle title=&#8221;Ordre du jour \/ Tagesordnung \/ Agenda&#8221; el_id=&#8221;1479647989704-356f8b5f-6dc8&#8243;]<\/p>\n<table style=\"background-color: #ebf5fe; width: 661px;\" width=\"661\">\n<tbody>\n<tr>\n<td rowspan=\"3\" width=\"144\">\n<p style=\"text-align: center;\"><span style=\"font-size: 10pt;\"> LAW-19021-GTEJ 2\/1<\/span><\/p>\n<\/td>\n<td style=\"text-align: left;\" width=\"289\"><span style=\"font-size: 10pt;\">Ordre du jour provisoire et ordre du jour provisoire annot\u00e9<\/span><\/td>\n<td style=\"text-align: center;\" rowspan=\"3\" width=\"113\"><span style=\"font-size: 10pt;\">27.06.2019<\/span><\/td>\n<td style=\"text-align: center;\" width=\"55\"><span style=\"font-size: 10pt;\"><a href=\"\/working_group_of_legal_experts\/GTEJ2\/LAW-19021-GTEJ2-01-f-Ordre%20du%20jour%20provisoire%20et%20annot%C3%A9.pdf\">PDF<\/a><\/span><\/td>\n<\/tr>\n<tr>\n<td style=\"text-align: left;\" width=\"289\"><span style=\"font-size: 10pt;\">Vorl\u00e4ufige Tagesordnung und kommentierte vorl\u00e4ufige Tagesordnung<\/span><\/td>\n<td style=\"text-align: center;\" width=\"55\"><span style=\"font-size: 10pt;\"><a href=\"\/working_group_of_legal_experts\/GTEJ2\/LAW-19021-GTEJ2-01-d-Vorl%C3%A4ufige%20und%20kommentierte%20Tagesordnung.pdf\">PDF<\/a><\/span><\/td>\n<\/tr>\n<tr>\n<td style=\"text-align: left;\" width=\"289\">\n<p style=\"text-align: left;\"><span style=\"font-size: 10pt;\">Provisional agenda and annotated provisional agenda<\/span><\/p>\n<\/td>\n<td style=\"text-align: center;\" width=\"55\"><span style=\"font-size: 10pt;\"><a href=\"\/working_group_of_legal_experts\/GTEJ2\/LAW-19021-GTEJ2-01-e-Provisional%20and%20annotated%20agenda.pdf\">PDF<\/a><\/span><\/td>\n<\/tr>\n<\/tbody>\n<\/table>\n<p>[\/vc_toggle][vc_toggle title=&#8221;Rapports \/ Berichte \/ Reports&#8221; el_id=&#8221;1479649658489-44891af7-83c0&#8243;]<\/p>\n<table width=\"661\">\n<tbody>\n<tr>\n<td rowspan=\"3\" width=\"144\"><strong>\u00a0<\/strong><\/p>\n<p><strong>\u00a0<\/strong><\/td>\n<td style=\"text-align: left;\" width=\"289\">Proc\u00e9s-verbal<\/td>\n<td style=\"text-align: center;\" rowspan=\"3\" width=\"113\">30.10.2019<\/td>\n<td width=\"55\"><a href=\"\/working_group_of_legal_experts\/GTEJ2\/GTEJ-2-f-PV_%26%20ad.pdf\">PDF<\/a><\/td>\n<\/tr>\n<tr>\n<td style=\"text-align: left;\" width=\"289\">Niederschrift<\/td>\n<td width=\"55\"><a href=\"\/working_group_of_legal_experts\/GTEJ2\/GTEJ-2-d-Niederschrift_%26%20ad.pdf\">PDF<\/a><\/td>\n<\/tr>\n<tr>\n<td style=\"text-align: left;\" width=\"289\">Minutes<\/td>\n<td width=\"55\"><a href=\"\/working_group_of_legal_experts\/GTEJ2\/GTEJ-2-e-Minutes_%26%20ad.pdf\">PDF<\/a><\/td>\n<\/tr>\n<\/tbody>\n<\/table>\n<p>[\/vc_toggle][vc_toggle title=&#8221;Documents de travail \/ Arbeitsdokumente \/ Working Documents&#8221; el_id=&#8221;1479649720626-32c1f10b-d9e6&#8243;]<\/p>\n<table width=\"661\">\n<tbody>\n<tr>\n<td style=\"background-color: #ebf5fe;\" rowspan=\"3\" width=\"144\">\n<p style=\"text-align: center;\"><span style=\"font-size: 10pt;\"> LAW-19027-GTEJ 2\/4<\/span><\/p>\n<p><span style=\"font-size: 10pt;\">\u00a0<\/span><\/td>\n<td style=\"background-color: #ebf5fe; text-align: left;\" width=\"289\"><span style=\"font-size: 10pt;\">Veille et \u00e9valuation de la mise en \u0153uvre et de l\u2019application du syst\u00e8me juridique de l\u2019OTIF<\/span><\/td>\n<td style=\"background-color: #ebf5fe; text-align: center;\" rowspan=\"3\" width=\"113\"><span style=\"font-size: 10pt;\">17.09.2019<\/span><\/td>\n<td style=\"background-color: #ebf5fe; text-align: center;\" width=\"55\"><span style=\"font-size: 10pt;\"><a href=\"\/working_group_of_legal_experts\/GTEJ2\/LAW-19027-GTEJ2-04-f-Veille%20et%20%C3%A9valuation-%26-Add.pdf\">PDF<\/a><\/span><\/td>\n<\/tr>\n<tr>\n<td style=\"background-color: #ebf5fe; text-align: left;\" width=\"289\"><span style=\"font-size: 10pt;\">\u00dcberwachung und Bewertung der Umsetzung und Anwendung der Rechtsordnung der OTIF<\/span><\/td>\n<td style=\"background-color: #ebf5fe; text-align: center;\" width=\"55\"><span style=\"font-size: 10pt;\"><a href=\"\/working_group_of_legal_experts\/GTEJ2\/LAW-19027-GTEJ2-04-d-%C3%9Cberwachung%20und%20Bewertung-%26-Add.pdf\">PDF<\/a><\/span><\/td>\n<\/tr>\n<tr>\n<td style=\"background-color: #ebf5fe; text-align: left;\" width=\"289\"><span style=\"font-size: 10pt;\">Monitoring and assessment of the implementation and application of OTIF\u2019s legal system<\/span><\/td>\n<td style=\"background-color: #ebf5fe; text-align: center;\" width=\"55\"><span style=\"font-size: 10pt;\"><a href=\"\/working_group_of_legal_experts\/GTEJ2\/LAW-19027-GTEJ2-04-e-Monitoring%20and%20assessment-%26-Add.pdf\">PDF<\/a><\/span><\/td>\n<\/tr>\n<tr>\n<td rowspan=\"3\"><span style=\"font-size: 10pt;\">\u00a0<\/span><\/p>\n<p style=\"text-align: center;\"><span style=\"font-size: 10pt;\">LAW-19029-GTEJ 2\/5<\/span><\/p>\n<p><span style=\"font-size: 10pt;\">\u00a0<\/span><\/td>\n<td style=\"text-align: left;\">\n<p style=\"text-align: left;\"><span style=\"font-size: 10pt;\">La mise en oeuvre de la COTIF et les r\u00e9serves<\/span><\/p>\n<\/td>\n<td style=\"text-align: center;\" rowspan=\"3\"><span style=\"font-size: 10pt;\"><br \/>\n01.10.2019<br \/>\n<\/span><\/td>\n<td>\n<p style=\"text-align: center;\"><span style=\"font-size: 10pt;\"><a href=\"\/working_group_of_legal_experts\/GTEJ2\/LAW-19029-GTEJ2-05-f-Mise%20en%20%C5%93uvre%20de%20la%20COTIF%20et%20r%C3%A9serves.pdf\">PDF<\/a><\/span><\/p>\n<\/td>\n<\/tr>\n<tr>\n<td style=\"text-align: left;\">\n<p style=\"text-align: left;\"><span style=\"font-size: 10pt;\">Umsetzung des und Vorbehalte zum COTIF<\/span><\/p>\n<\/td>\n<td>\n<p style=\"text-align: center;\"><span style=\"font-size: 10pt;\"><a href=\"\/working_group_of_legal_experts\/GTEJ2\/LAW-19029-GTEJ2-05-d-Umsetzung%20des%20und%20Vorbehalte%20zum%20COTIF.pdf\">PDF<\/a><\/span><\/p>\n<\/td>\n<\/tr>\n<tr>\n<td style=\"text-align: left;\"><span style=\"font-size: 10pt;\">Implementation of and reservations to COTIF<\/span><\/td>\n<td>\n<p style=\"text-align: center;\"><span style=\"font-size: 10pt;\"><a href=\"\/working_group_of_legal_experts\/GTEJ2\/LAW-19029-GTEJ2-05-e-Implementation%20of%20and%20reservations%20to%20COTIF.pdf\">PDF<\/a><\/span><\/p>\n<\/td>\n<\/tr>\n<tr>\n<td style=\"background-color: #ebf5fe;\" rowspan=\"3\"><span style=\"font-size: 10pt;\">\u00a0<\/span><\/p>\n<p style=\"text-align: center;\"><span style=\"font-size: 10pt;\">LAW-20037-GTEJ<\/span><\/p>\n<p><span style=\"font-size: 10pt;\"><strong>\u00a0<\/strong><\/span><\/td>\n<td style=\"text-align: left; background-color: #ebf5fe;\"><span style=\"font-size: 10pt;\">Rectificatif au document LAW-19029-GTEJ 2\/5 \u00ab La mise en oeuvre de la COTIF et les r\u00e9serves \u00bb, dat\u00e9 du 1er octobre 2019<\/span><\/td>\n<td style=\"text-align: center; background-color: #ebf5fe;\" rowspan=\"3\"><span style=\"font-size: 10pt;\">22.09.2020<\/span><\/p>\n<p>&nbsp;<\/td>\n<td style=\"background-color: #ebf5fe;\">\n<p style=\"text-align: center;\"><span style=\"font-size: 10pt;\"><a href=\"\/working_group_of_legal_experts\/GTEJ3\/LAW-20037-GTEJ-f-Rectificatif_Mise%20en%20oeuvre%20de%20la%20COTIF%20et%20r%C3%A9serves.pdf\">PDF<\/a><\/span><\/p>\n<\/td>\n<\/tr>\n<tr>\n<td style=\"text-align: left; background-color: #ebf5fe;\"><span style=\"font-size: 10pt;\">Korrigendum zu Dokument LAW-19029-GTEJ 2\/5 \u201eUmsetzung des und Vorbehalte zum COTIF\u201c vom 1. Oktober 2019<\/span><\/td>\n<td style=\"background-color: #ebf5fe;\">\n<p style=\"text-align: center;\"><span style=\"font-size: 10pt;\"><a href=\"\/working_group_of_legal_experts\/GTEJ3\/LAW-20037-GTEJ-d-Korrigendum_Umsetzung%20des%20und%20Vorbehalte%20zum%20COTIF.pdf\">PDF<\/a><\/span><\/p>\n<\/td>\n<\/tr>\n<tr>\n<td style=\"background-color: #ebf5fe; text-align: left;\"><span style=\"font-size: 10pt;\">Corrigendum to LAW-19029-GTEJ 2\/5 \u2018Implementation of and reservations to COTIF\u2019 dated 1 October 2019<\/span><\/td>\n<td style=\"background-color: #ebf5fe;\">\n<p style=\"text-align: center;\"><span style=\"font-size: 10pt;\"><a href=\"\/working_group_of_legal_experts\/GTEJ3\/LAW-20037-GTEJ-e-Corrigendum_Implementation%20of%20and%20reservations%20to%20COTIF.pdf\">PDF<\/a><\/span><\/p>\n<\/td>\n<\/tr>\n<tr>\n<td style=\"background-color: #fcfcfc;\" rowspan=\"3\"><span style=\"font-size: 10pt;\">\u00a0<\/span><\/p>\n<p style=\"text-align: center;\"><span style=\"font-size: 10pt;\">LAW-19028-GTEJ 2\/7<\/span><\/p>\n<p><span style=\"font-size: 10pt;\">\u00a0<\/span><\/td>\n<td style=\"background-color: #ffffff; text-align: left;\"><span style=\"font-size: 10pt;\">La nomination d\u2019un secr\u00e9taire g\u00e9n\u00e9ral par int\u00e9rim et l\u2019\u00e9lection du Secr\u00e9taire g\u00e9n\u00e9ral<\/span><\/td>\n<td style=\"text-align: center; background-color: #ffffff;\" rowspan=\"3\">&nbsp;<\/p>\n<p><span style=\"font-size: 10pt;\">25.09.2019<\/span><\/p>\n<p>&nbsp;<\/td>\n<td style=\"background-color: #ffffff;\">\n<p style=\"text-align: center;\"><span style=\"font-size: 10pt;\"><a href=\"\/working_group_of_legal_experts\/GTEJ2\/LAW-19028-GTEJ2-07-f-Nomination%20d%27un%20SG%20par%20int.%20et%20%C3%A9lection%20du%20SG-%26-Add.pdf\">PDF<\/a><\/span><\/p>\n<\/td>\n<\/tr>\n<tr>\n<td style=\"background-color: #ffffff; text-align: left;\"><span style=\"font-size: 10pt;\">Ernennung eines Generalsekret\u00e4rs ad interim und Wahl des Generalsekret\u00e4rs<\/span><\/td>\n<td style=\"background-color: #ffffff;\">\n<p style=\"text-align: center;\"><span style=\"font-size: 10pt;\"><a href=\"\/working_group_of_legal_experts\/GTEJ2\/LAW-19028-GTEJ2-07-d-Ernennung%20eines%20GS%20ad%20int.%20und%20Wahl%20des%20GS-%26-Add.pdf\">PDF<\/a><\/span><\/p>\n<\/td>\n<\/tr>\n<tr>\n<td style=\"background-color: #ffffff; text-align: left;\"><span style=\"font-size: 10pt;\">The appointment of a Secretary General ad interim and the election of the Secretary General<\/span><\/td>\n<td style=\"background-color: #ffffff;\">\n<p style=\"text-align: center;\"><span style=\"font-size: 10pt;\"><a href=\"\/working_group_of_legal_experts\/GTEJ2\/LAW-19028-GTEJ2-07-e-The%20appointment%20of%20a%20SG%20ad%20int.%20and%20the%20election%20of%20the%20SG-%26-Add.pdf\">PDF<\/a><\/span><\/p>\n<\/td>\n<\/tr>\n<tr>\n<td style=\"background-color: #ebf5fe;\" rowspan=\"3\"><span style=\"font-size: 10pt;\">\u00a0<\/span><\/p>\n<p><span style=\"font-size: 10pt;\">LAW-19030-GTEJ 2\/8<\/span><\/p>\n<p><span style=\"font-size: 10pt;\">\u00a0<\/span><\/td>\n<td style=\"background-color: #ebf5fe; text-align: left;\"><span style=\"font-size: 10pt;\"> La participation et la repr\u00e9sentation des \u00c9tats membres au sein de l\u2019OTIF<\/span><\/td>\n<td style=\"text-align: center; background-color: #ebf5fe;\" rowspan=\"3\">&nbsp;<\/p>\n<p><span style=\"font-size: 10pt;\">01.10.2019<\/span><\/p>\n<p>&nbsp;<\/td>\n<td style=\"background-color: #ebf5fe;\">\n<p style=\"text-align: center;\"><span style=\"font-size: 10pt;\"><a href=\"\/working_group_of_legal_experts\/GTEJ2\/LAW-19030-GTEJ2-08-f-Participation%20et%20repr%C3%A9sentation%20des%20%C3%89tats%20membres-%26-Add.pdf\">PDF<\/a><\/span><\/p>\n<\/td>\n<\/tr>\n<tr>\n<td style=\"background-color: #ebf5fe; text-align: left;\"><span style=\"font-size: 10pt;\"> Teilnahme und Vertretung der Mitgliedstaaten in der OTIF<\/span><\/td>\n<td style=\"background-color: #ebf5fe;\">\n<p style=\"text-align: center;\"><span style=\"font-size: 10pt;\"><a href=\"\/working_group_of_legal_experts\/GTEJ2\/LAW-19030-GTEJ2-08-d-Teilnahme%20und%20Vertretung%20von%20Mitgliedstaaten%20in%20der%20OTIF-%26-Add.pdf\">PDF<\/a><\/span><\/p>\n<\/td>\n<\/tr>\n<tr>\n<td style=\"background-color: #ebf5fe; text-align: left;\"><span style=\"font-size: 10pt;\">The participation and representation of Member States within OTIF<\/span><\/td>\n<td style=\"background-color: #ebf5fe;\">\n<p style=\"text-align: center;\"><span style=\"font-size: 10pt;\"><a href=\"\/working_group_of_legal_experts\/GTEJ2\/LAW-19030-GTEJ2-08-e-The%20participation%20and%20representation%20of%20Member%20States%20within%20OTIF-%26-Add.pdf\">PDF<\/a><\/span><\/p>\n<\/td>\n<\/tr>\n<tr>\n<td style=\"background-color: #fcfcfc;\" rowspan=\"3\">&nbsp;<\/p>\n<p style=\"text-align: center;\"><span style=\"font-size: 10pt;\">LAW-20042-GTEJ\u00a0\u00a0<\/span><\/p>\n<\/td>\n<td style=\"background-color: #ffffff; text-align: left;\"><span style=\"font-size: 10pt;\"> Rectificatif au document LAW-19030-GTEJ 2\/8 \u00ab La participation et la repr\u00e9sentation des \u00c9tats membres au sein de l\u2019OTIF \u00bb, dat\u00e9 du 1er octobre 2019<\/span><\/td>\n<td style=\"text-align: center; background-color: #ffffff;\" rowspan=\"3\"><span style=\"font-size: 10pt;\">22.09.2020<\/span><\/td>\n<td style=\"background-color: #ffffff;\">\n<p style=\"text-align: center;\"><span style=\"font-size: 10pt;\"><a href=\"\/working_group_of_legal_experts\/GTEJ3\/LAW-20042-GTEJ-f-Rectificatif_Participation%20et%20representation%20des%20%C3%89tats%20membres.pdf\">PDF<\/a><\/span><\/p>\n<\/td>\n<\/tr>\n<tr>\n<td style=\"background-color: #ffffff; text-align: left;\"><span style=\"font-size: 10pt;\"> Korrigendum zu Dokument LAW-19030-GTEJ 2\/8 \u201eTeilnahme und Vertretung der Mitgliedstaaten in der OTIF\u201c vom 1. Oktober 2019<\/span><\/td>\n<td style=\"background-color: #ffffff;\">\n<p style=\"text-align: center;\"><span style=\"font-size: 10pt;\"><a href=\"\/working_group_of_legal_experts\/GTEJ3\/LAW-20042-GTEJ-d-Korrigendum_Teilnahme%20und%20Vertretung%20der%20Mitgliedstaaten%20in%20der%20OTIF.pdf\">PDF<\/a><\/span><\/p>\n<\/td>\n<\/tr>\n<tr>\n<td style=\"background-color: #ffffff; text-align: left;\"><span style=\"font-size: 10pt;\">Corrigendum to LAW-19030-GTEJ 2\/8 \u2018The participation and representation of Member States within OTIF\u2019 dated 1 October 2019<\/span><\/td>\n<td style=\"background-color: #ffffff;\">\n<p style=\"text-align: center;\"><span style=\"font-size: 10pt;\"><a href=\"\/working_group_of_legal_experts\/GTEJ3\/LAW-20042-GTEJ-e-Corrigendum_The%20participation%20and%20representation%20of%20Member%20States%20within%20OTIF.pdf\">PDF<\/a><\/span><\/p>\n<\/td>\n<\/tr>\n<tr>\n<td style=\"background-color: #ebf5fe;\" rowspan=\"3\"><span style=\"font-size: 10pt;\"><br \/>\nLAW-19031-GTEJ 2\/9<br \/>\n<\/span><\/td>\n<td style=\"background-color: #ebf5fe; text-align: left;\"><span style=\"font-size: 10pt;\"> Le projet de la CEE-ONU pour l\u2019uniformisation du droit ferroviaire<\/span><\/td>\n<td style=\"text-align: center; background-color: #ebf5fe;\" rowspan=\"3\"><span style=\"font-size: 10pt;\">\u00a0<\/span><\/p>\n<p><span style=\"font-size: 10pt;\">01.10.2019<\/span><\/p>\n<p><span style=\"font-size: 10pt;\">\u00a0<\/span><\/td>\n<td style=\"background-color: #ebf5fe;\">\n<p style=\"text-align: center;\"><span style=\"font-size: 10pt;\"><a href=\"\/working_group_of_legal_experts\/GTEJ2\/LAW-19031-GTEJ2-09-f-Projet%20de%20la%20CEE-ONU%20pour%20l%27uniformisation-%26-Add.pdf\">PDF<\/a><\/span><\/p>\n<\/td>\n<\/tr>\n<tr>\n<td style=\"background-color: #ebf5fe; text-align: left;\"><span style=\"font-size: 10pt;\"> UNECE-Initiative zum einheitlichen Eisenbahnrecht<\/span><\/td>\n<td style=\"background-color: #ebf5fe;\">\n<p style=\"text-align: center;\"><span style=\"font-size: 10pt;\"><a href=\"\/working_group_of_legal_experts\/GTEJ2\/LAW-19031-GTEJ2-09-d-UNECE-Projekt%20Einheitliches%20Eisenbahnrecht-%26-Add.pdf\">PDF<\/a><\/span><\/p>\n<\/td>\n<\/tr>\n<tr>\n<td style=\"background-color: #ebf5fe; text-align: left;\"><span style=\"font-size: 10pt;\">UNECE initiative on Unified Railway Law<\/span><\/td>\n<td style=\"background-color: #ebf5fe;\">\n<p style=\"text-align: center;\"><span style=\"font-size: 10pt;\"><a href=\"http:\/\/extranet.otif.org\/working_group_of_legal_experts\/GTEJ2\/LAW-19031-GTEJ2-09-e-UNECE%20project%20on%20unification-%26-Add.pdf\">PDF<\/a><\/span><\/p>\n<\/td>\n<\/tr>\n<tr>\n<td style=\"background-color: #fcfcfc;\" rowspan=\"3\"><span style=\"font-size: 10pt;\"><br \/>\nLAW-19032-GTEJ 2\/10<br \/>\n<\/span><\/td>\n<td style=\"background-color: #ffffff; text-align: left;\"><span style=\"font-size: 10pt;\"> Programme de travail 2019-2021<\/span><\/td>\n<td style=\"text-align: center; background-color: #ffffff;\" rowspan=\"3\"><span style=\"font-size: 10pt;\">\u00a0<\/span><\/p>\n<p><span style=\"font-size: 10pt;\">01.10.2019<\/span><\/p>\n<p><span style=\"font-size: 10pt;\">\u00a0<\/span><\/td>\n<td style=\"background-color: #ffffff;\">\n<p style=\"text-align: center;\"><span style=\"font-size: 10pt;\"><a href=\"\/working_group_of_legal_experts\/GTEJ2\/LAW-19032-GTEJ2-10-f-Programme%20de%20travail%202019-2021-%26-Add.pdf\">PDF<\/a><\/span><\/p>\n<\/td>\n<\/tr>\n<tr>\n<td style=\"background-color: #ffffff; text-align: left;\"><span style=\"font-size: 10pt;\"> Arbeitsprogramm 2019-2021<\/span><\/td>\n<td style=\"background-color: #ffffff;\">\n<p style=\"text-align: center;\"><span style=\"font-size: 10pt;\"><a href=\"\/working_group_of_legal_experts\/GTEJ2\/LAW-19032-GTEJ2-10-d-Arbeitsprogramm%202019-2021-%26-Add.pdf\">PDF<\/a><\/span><\/p>\n<\/td>\n<\/tr>\n<tr>\n<td style=\"background-color: #ffffff; text-align: left;\"><span style=\"font-size: 10pt;\">2019-2021 Work Programme<\/span><\/td>\n<td style=\"background-color: #ffffff;\">\n<p style=\"text-align: center;\"><span style=\"font-size: 10pt;\"><a href=\"\/working_group_of_legal_experts\/GTEJ2\/LAW-19032-GTEJ2-10-e-2019-2021%20work%20programme-%26-Add.pdf\">PDF<\/a><\/span><\/p>\n<\/td>\n<\/tr>\n<tr>\n<td style=\"background-color: #fcfcfc;\"><span style=\"font-size: 10pt;\">\u00a0<\/span><\/td>\n<td style=\"background-color: #ffffff; text-align: left;\"><span style=\"font-size: 10pt;\">\u00a0<\/span><\/td>\n<td style=\"text-align: center; background-color: #ffffff;\"><span style=\"font-size: 10pt;\">\u00a0<\/span><\/td>\n<td style=\"background-color: #ffffff;\">\n<p style=\"text-align: center;\">\n<\/td>\n<\/tr>\n<\/tbody>\n<\/table>\n<p>[\/vc_toggle][vc_toggle title=&#8221;Documents informels \/ Informelle Dokumente \/ Informal Documents&#8221; el_id=&#8221;1479649843861-97e0677c-c7f8&#8243;][\/vc_toggle][vc_toggle title=&#8221;Documents approuv\u00e9s \/ Genehmigte Dokument \/ Documents approved&#8221; el_id=&#8221;1479649921542-3eaf44e4-2740&#8243;]<\/p>\n<table width=\"661\">\n<tbody>\n<tr>\n<td style=\"background-color: #ebf5fe;\" rowspan=\"3\" width=\"144\">\n<p style=\"text-align: center;\"><span style=\"font-size: 10pt;\">LAW-19050-GTEJ 2<\/span><\/p>\n<\/td>\n<td style=\"text-align: left; background-color: #ebf5fe;\" width=\"289\"><span style=\"font-size: 10pt;\">D\u00e9cisions<\/span><\/td>\n<td style=\"text-align: center; background-color: #ebf5fe;\" rowspan=\"3\" width=\"113\"><span style=\"font-size: 10pt;\">30.10.2019<\/span><\/td>\n<td style=\"text-align: center; background-color: #ebf5fe;\" width=\"55\"><a href=\"\/working_group_of_legal_experts\/GTEJ2\/LAW-19050-GTEJ2-f-D%C3%A9cisions_%26%20ad.pdf\">PDF<\/a><\/td>\n<\/tr>\n<tr>\n<td style=\"text-align: left; background-color: #ebf5fe;\" width=\"289\"><span style=\"font-size: 10pt;\">Beschl\u00fcsse<\/span><\/td>\n<td style=\"text-align: center; background-color: #ebf5fe;\" width=\"55\"><a href=\"\/working_group_of_legal_experts\/GTEJ2\/LAW-19050-GTEJ2-d-Beschl%C3%BCsse_%26%20ad.pdf\">PDF<\/a><\/td>\n<\/tr>\n<tr>\n<td style=\"text-align: left; background-color: #ebf5fe;\" width=\"289\"><span style=\"font-size: 10pt;\">Decisions<\/span><\/td>\n<td style=\"text-align: center; background-color: #ebf5fe;\" width=\"55\"><a href=\"\/working_group_of_legal_experts\/GTEJ2\/LAW-19050-GTEJ2-e-Decisions_%26%20ad.pdf\">PDF<\/a><\/td>\n<\/tr>\n<\/tbody>\n<\/table>\n<p>[\/vc_toggle][vc_toggle title=&#8221;Pr\u00e9sentations \/Pr\u00e4sentationen \/ Presentations&#8221; el_id=&#8221;1479650107320-59b8f1ee-1077&#8243;]<\/p>\n<table style=\"width: 661px;\">\n<tbody>\n<tr style=\"height: 25px;\">\n<td style=\"height: 92px;\" rowspan=\"3\" width=\"144\"><strong>\u00a0<\/strong><\/p>\n<p><span style=\"font-size: 10pt;\"><strong>\u00a0<\/strong><\/span><\/td>\n<td style=\"height: 25px; text-align: left;\" width=\"289\"><span style=\"font-size: 10pt;\">Pr\u00e9sentation<\/span><\/td>\n<td style=\"text-align: center; height: 92px;\" rowspan=\"3\" width=\"113\"><span style=\"font-size: 10pt;\">30.10.2019<\/span><\/td>\n<td style=\"height: 92px;\" rowspan=\"3\" width=\"55\">\n<p style=\"text-align: center;\"><span style=\"font-size: 10pt;\"><a href=\"\/working_group_of_legal_experts\/GTEJ2\/GTEJ2_OTIF_30%20October%202019.pdf\">PDF<\/a><\/span><\/p>\n<\/td>\n<\/tr>\n<tr style=\"height: 25px;\">\n<td style=\"height: 25px; text-align: left;\" width=\"289\"><span style=\"font-size: 10pt;\">Pr\u00e4sentation<\/span><\/td>\n<\/tr>\n<tr style=\"height: 42px;\">\n<td style=\"height: 42px; text-align: left;\" width=\"289\"><span style=\"font-size: 10pt;\">Presentation<\/span><\/td>\n<\/tr>\n<\/tbody>\n<\/table>\n<p>[\/vc_toggle][\/vc_column][\/vc_row]<\/p>\n<\/div>","protected":false},"excerpt":{"rendered":"<p>[vc_row][vc_column][vc_column_text] 2e session : 30 octobre 2019 (Vilnius) 2. Tagung: 30. Oktober 2019 (Vilnius) 2nd Session: 30 October 2019 (Vilnius) [\/vc_column_text][vc_toggle title=&#8221;Convocation \/ Einladung \/ Invitation&#8221;<span class=\"excerpt-hellip\"> [\u2026]<\/span><\/p>\n","protected":false},"author":1,"featured_media":0,"parent":1101,"menu_order":11,"comment_status":"closed","ping_status":"closed","template":"","meta":{"footnotes":""},"class_list":["post-1022","page","type-page","status-publish","hentry"],"_links":{"self":[{"href":"https:\/\/extranet.otif.org\/jur\/index.php?rest_route=\/wp\/v2\/pages\/1022","targetHints":{"allow":["GET"]}}],"collection":[{"href":"https:\/\/extranet.otif.org\/jur\/index.php?rest_route=\/wp\/v2\/pages"}],"about":[{"href":"https:\/\/extranet.otif.org\/jur\/index.php?rest_route=\/wp\/v2\/types\/page"}],"author":[{"embeddable":true,"href":"https:\/\/extranet.otif.org\/jur\/index.php?rest_route=\/wp\/v2\/users\/1"}],"replies":[{"embeddable":true,"href":"https:\/\/extranet.otif.org\/jur\/index.php?rest_route=%2Fwp%2Fv2%2Fcomments&post=1022"}],"version-history":[{"count":44,"href":"https:\/\/extranet.otif.org\/jur\/index.php?rest_route=\/wp\/v2\/pages\/1022\/revisions"}],"predecessor-version":[{"id":5922,"href":"https:\/\/extranet.otif.org\/jur\/index.php?rest_route=\/wp\/v2\/pages\/1022\/revisions\/5922"}],"up":[{"embeddable":true,"href":"https:\/\/extranet.otif.org\/jur\/index.php?rest_route=\/wp\/v2\/pages\/1101"}],"wp:attachment":[{"href":"https:\/\/extranet.otif.org\/jur\/index.php?rest_route=%2Fwp%2Fv2%2Fmedia&parent=1022"}],"curies":[{"name":"wp","href":"https:\/\/api.w.org\/{rel}","templated":true}]}}