{"id":1103,"date":"2019-01-28T14:24:25","date_gmt":"2019-01-28T14:24:25","guid":{"rendered":"http:\/\/otif.ch\/en\/?page_id=1103"},"modified":"2024-04-26T10:09:49","modified_gmt":"2024-04-26T10:09:49","slug":"list-of-focal-points","status":"publish","type":"page","link":"https:\/\/extranet.otif.org\/jur\/?page_id=1103","title":{"rendered":"Consultation \/ Konsultation \/ Consultation"},"content":{"rendered":"<div class=\"wpb-content-wrapper\"><p>[vc_row][vc_column][vc_column_text]<\/p>\n<h3 style=\"text-align: left;\">Consultation \/ Konsultation \/ Consultation<br \/>\n<img decoding=\"async\" class=\"alignnone\" src=\"http:\/\/otif.org\/fileadmin\/images\/icons\/line.png\" width=\"800\" height=\"1\" \/><\/h3>\n<p>[\/vc_column_text][\/vc_column][\/vc_row][vc_row][vc_column][vc_column_text]<\/p>\n<table style=\"width: 680px;\" width=\"680\">\n<tbody>\n<tr style=\"height: 78px;\">\n<td style=\"height: 208px; width: 23.2353%;\" rowspan=\"3\" width=\"144\">&nbsp;<\/p>\n<p><a href=\"\/jur_data\/Consultations\/LAW-22005-JUR-e-Informal%20Consultation-use%20of%20gender%20neutral%20language.pdf\"><strong><span style=\"font-size: 10pt;\">LAW-22005-JUR<\/span><\/strong><\/a><\/p>\n<p>&nbsp;<\/td>\n<td style=\"text-align: left; height: 78px; width: 46.6176%;\" width=\"289\"><span style=\"font-size: 10pt;\">Questionnaire sur l\u2019utilisation d\u2019un langage neutre du point de vue du genre (jusqu&#8217;au 25 Fevrier 2022)<\/span><\/td>\n<td style=\"height: 208px; width: 18.8235%;\" rowspan=\"3\" width=\"113\">27.01.2022<\/td>\n<td style=\"height: 78px; width: 10%;\" width=\"55\"><a href=\"\/jur_data\/Consultations\/LAW-22005-JUR-f-Add_Consultation-use%20of%20gender%20neutral%20language.docx\">WORD<\/a><\/td>\n<\/tr>\n<tr style=\"height: 78px;\">\n<td style=\"text-align: left; height: 78px; width: 46.6176%;\" width=\"289\"><span style=\"font-size: 10pt;\">Fragebogen zur Verwendung von geschlechtsneutraler Sprache (bis 25. Februar 2022)<\/span><\/td>\n<td style=\"height: 78px; width: 10%;\" width=\"55\"><a href=\"\/jur_data\/Consultations\/LAW-22005-JUR-d-Add_Consultation-use%20of%20gender%20neutral%20language.docx\">WORD<\/a><\/td>\n<\/tr>\n<tr style=\"height: 52px;\">\n<td style=\"text-align: left; height: 52px; width: 46.6176%;\" width=\"289\"><span style=\"font-size: 10pt;\">Questionnaire on the use of gender-neutral language (until 25 February 2022)<\/span><\/td>\n<td style=\"height: 52px; width: 10%;\" width=\"55\"><a href=\"\/jur_data\/Consultations\/LAW-22005-JUR-e-Add_Consultation-use%20of%20gender%20neutral%20language.docx\">WORD<\/a><\/td>\n<\/tr>\n<tr style=\"height: 78px;\">\n<td style=\"background-color: #ebf5fe; height: 208px; width: 23.2353%;\">&nbsp;<\/p>\n<p><a href=\"\/jur_data\/JUR2\/Consultation\/LAW-22039-JUR-f-Consultation%20sondage%20documents%20de%20transport%20ferroviaire%20%C3%A9lectroniques.pdf\"><strong>LAW-22039-JUR-2<\/strong><\/a><\/p>\n<p>&nbsp;<\/td>\n<td style=\"text-align: left; background-color: #ebf5fe; height: 78px; width: 46.6176%;\"><span style=\"font-size: 10pt;\">Sondage sur les r\u00e8gles concernant les documents de transport ferroviaire \u00e9lectroniques (jusqu&#8217;au 6 juillet 2022)<\/span><\/p>\n<p><em>Informations contextuelles\u00a0: <strong><a href=\"\/jur_data\/JUR2\/Consultation\/LAW-22031-JUR2-11-f-Num%C3%A9risation%20en%20transport%20international%2C%20docs%20de%20transport%20de%20marchandises.%20Document%20initial%20pr%C3%A9liminaire.pdf\">LAW-22031-JUR\u00a02\/11 \u00ab\u00a0La num\u00e9risation dans le transport international, en particulier des documents de transport de marchandises. Document initial pr\u00e9liminaire\u00a0\u00bb<\/a><\/strong><\/em><\/td>\n<td style=\"background-color: #ebf5fe; height: 208px; width: 18.8235%;\" rowspan=\"3\">11.05.2022<\/td>\n<td style=\"background-color: #ebf5fe; height: 78px; width: 10%;\"><a href=\"\/jur_data\/JUR2\/Consultation\/Sondage_Documents%20de%20transport%20ferroviaire%20%C3%A9lectroniques.docx\">WORD<\/a><\/td>\n<\/tr>\n<tr style=\"height: 78px;\">\n<td style=\"background-color: #ebf5fe; width: 23.2353%;\"><a href=\"\/jur_data\/JUR2\/Consultation\/LAW-22039-JUR-d-Umfage_elektronische%20Bef%C3%B6rderungspapiere.pdf\"><strong>LAW-22039-JUR-2<\/strong><\/a><\/td>\n<td style=\"text-align: left; background-color: #ebf5fe; height: 78px; width: 46.6176%;\"><span style=\"font-size: 10pt;\">Umrage zu den vorschriften f\u00fcr elektronische Eisenbahnbef\u00f6rderungspapiere (bis 6. Juli 2022)<\/span><\/p>\n<p><em>Informationen zum Kontext: <strong><a href=\"\/jur_data\/JUR2\/Consultation\/LAW-22031-JUR2-11-d-Digitalisierung%20im%20internationalen%20Verkehr%2C%20insbesondere%20der%20Bef%C3%B6rderungspapiere%20im%20G%C3%BCterverkehr.%20Vorl.%20Konzeptpapier.pdf\">LAW-22031-JUR\u00a02\/11 \u201eDigitalisierung im internationalen Verkehr, insbesondere der Bef\u00f6rderungspapiere im G\u00fcterverkehr. Vorl\u00e4ufiges Konzeptpapier\u201c<\/a><\/strong><\/em><\/td>\n<td style=\"background-color: #ebf5fe; height: 78px; width: 10%;\"><a href=\"\/jur_data\/JUR2\/Consultation\/Umfage_elektronische%20Bef%C3%B6rderungspapiere.docx\">WORD<\/a><\/td>\n<\/tr>\n<tr style=\"height: 52px;\">\n<td style=\"background-color: #ebf5fe; width: 23.2353%;\"><a href=\"\/jur_data\/JUR2\/Consultation\/LAW-22039-JUR-e-Consultation%20Survey%20on%20rules%20concerning%20electronic%20railway%20transport%20documents.pdf\"><strong>LAW-22039-JUR-2<\/strong><\/a><\/td>\n<td style=\"text-align: left; background-color: #ebf5fe; height: 52px; width: 46.6176%;\"><span style=\"font-size: 10pt;\">Survey on rules concerning electronic railway transport documents (until 6 July 2022)<\/span><\/p>\n<p><em>Background information: <strong><a href=\"\/jur_data\/JUR2\/Consultation\/LAW-22031-JUR2-11-e-The%20digitalisation%20of%20international%20transport%20particularly%20freight%20transport%20documents.%20Preliminary%20Inception%20Paper.pdf\">LAW-22031-JUR 2\/11 \u2018The digitalisation of international transport, particularly freight transport documents. Preliminary inception paper\u2019<\/a><\/strong><\/em><\/td>\n<td style=\"background-color: #ebf5fe; height: 52px; width: 10%;\"><a href=\"\/jur_data\/JUR2\/Consultation\/Survey_e_electronic%20rail%20transport%20documents.docx\">WORD<\/a><\/td>\n<\/tr>\n<tr style=\"height: 78px;\">\n<td style=\"height: 78px; width: 23.2353%;\"><a href=\"\/jur_data\/JUR2\/Consultation\/LAW-22040-JUR-f-Consultation%20sondage%20sur%20les%20r%C3%A8gles%20concernant%20les%20documents%20de%20transport%20n%C3%A9gociable.pdf\"><strong>LAW-22040-JUR-2<\/strong><\/a><\/td>\n<td style=\"text-align: left; height: 78px; width: 46.6176%;\"><span style=\"font-size: 10pt;\">Sondage sur les r\u00e8gles concernant les documents de transport n\u00e9gociables dans le transport ferroviaire (jusqu&#8217;au 6 juillet 2022)<\/span><\/p>\n<p><em>Informations contextuelles: <strong><a href=\"\/jur_data\/JUR2\/Consultation\/LAW-21023-GTEJ4-13-f-%20%28extrait%29%20Document%20initial%20sur%20le%20connaissement.pdf\">extrait du document LAW-21023-GTEJ 4\/13<\/a><\/strong><\/em><\/td>\n<td style=\"height: 234px; width: 18.8235%;\" rowspan=\"3\">&nbsp;<\/p>\n<p>11.05.2022<\/p>\n<p>&nbsp;<\/td>\n<td style=\"height: 78px; width: 10%;\"><a href=\"\/jur_data\/JUR2\/Consultation\/Sondage_Documents%20de%20transport%20ferroviaire%20n%C3%A9gociables.docx\">WORD<\/a><\/td>\n<\/tr>\n<tr style=\"height: 78px;\">\n<td style=\"width: 23.2353%;\"><a href=\"\/jur_data\/JUR2\/Consultation\/LAW-22040-JUR-d-%C3%BCbertragbare%20Bef%C3%B6rderungspapiere%20im%20Eisenbahnverkehr.pdf\"><strong>LAW-22040-JUR-2<\/strong><\/a><\/td>\n<td style=\"text-align: left; height: 78px; width: 46.6176%;\"><span style=\"font-size: 10pt;\">Umfrage zu den vorschriften f\u00fcr \u00fcbertragbare Bef\u00f6rderungspapiere im Eisenbahnverkehr (bis 6. Juli 2022)<\/span><\/p>\n<p><em>Informationen zum Kontext: <strong><a href=\"\/jur_data\/JUR2\/Consultation\/LAW-21023-GTEJ4-13-d-%28Auszug%29%20Konzeptpapier%20zum%20Konnossement.pdf\">LAW-21023-GTEJ\u00a04\/13 \u201eKonzeptpapier zum Konnossement\u201c (Auszug)<\/a><\/strong><\/em><\/td>\n<td style=\"height: 78px; width: 10%;\">&nbsp;<\/p>\n<p><a href=\"\/jur_data\/JUR2\/Consultation\/Umfrage_%C3%BCbertragbare%20Bef%C3%B6rderungspapiere%20im%20Eisenbahnverkehr.docx\">WORD<\/a><\/td>\n<\/tr>\n<tr style=\"height: 78px;\">\n<td style=\"width: 23.2353%;\"><a href=\"\/jur_data\/JUR2\/Consultation\/LAW-22040-JUR-e-Consultation%20survey%20on%20rules%20concerning%20negotiable%20transport%20documents%20in%20rail%20transport.pdf\"><strong>LAW-22040-JUR-2<\/strong><\/a><\/td>\n<td style=\"text-align: left; height: 78px; width: 46.6176%;\"><span style=\"font-size: 10pt;\">Survey on rules concerning negotiable\u00a0 transport documents in rail transport (until 6 July 2022)<\/span><\/p>\n<p><em>Background information: <strong><a href=\"\/jur_data\/JUR2\/Consultation\/LAW-21023-GTEJ4-13-e-%28extract%29%20Inception%20paper%20on%20bill%20of%20lading.pdf\">LAW-21023-GTEJ 4\/13 \u2018Inception paper on bill of lading\u2019 (extract)<\/a><\/strong><\/em><\/td>\n<td style=\"height: 78px; width: 10%;\"><a href=\"\/jur_data\/JUR2\/Consultation\/Survey_e_negotiable%20rail%20transport%20documents.docx\">WORD<\/a><\/td>\n<\/tr>\n<tr>\n<td style=\"width: 23.2353%; background-color: #ebf5fe;\" rowspan=\"3\"><strong><br \/>\n<\/strong><strong>LAW-23131-JUR 5<br \/>\n<\/strong><strong><br \/>\n<\/strong><\/td>\n<td style=\"text-align: left; width: 46.6176%; background-color: #ebf5fe;\"><span style=\"font-size: 10pt;\">Sondage sur les r\u00e8gles applicables en mati\u00e8re de responsabilit\u00e9 et d\u2019assurance en cas de dommages caus\u00e9s par un v\u00e9hicule<\/span><\/p>\n<p><em>Informations contextuelles :\u00a0 <a href=\"\/jur_data\/Consultations\/LAW-23131-JUR-f-Sondage-Responsabilit%C3%A9%20et%20assurance-dommages%20caus%C3%A9s%20par%20un%20v%C3%A9hicule%20%281%29.pdf\">LAW-23131-JUR 5 <\/a><\/em><\/td>\n<td style=\"width: 18.8235%; background-color: #ebf5fe;\" rowspan=\"3\">01.12.2023<\/td>\n<td style=\"width: 10%; background-color: #ebf5fe;\"><a href=\"\/jur_data\/Consultations\/Sondage-f-Responsabilit%C3%A9%20et%20assurance-dommages%20caus%C3%A9s%20par%20un%20v%C3%A9hicule.docx\">WORD<\/a><\/td>\n<\/tr>\n<tr>\n<td style=\"text-align: left; width: 46.6176%; background-color: #ebf5fe;\"><span style=\"font-size: 10pt;\">Umfrage zu den Vorschriften betreffend Haftung und Versicherung bei Sch\u00e4den, die durch ein Fahrzeug verursacht wurden<\/span><\/p>\n<p><em>Informationen zum Kontext: <a href=\"\/jur_data\/Consultations\/LAW-23131-JUR-d-Umfrage-Haftung%20und%20Versicherung-durch%20Fahrzeug%20verursachte%20Sch%C3%A4den.pdf\">LAW-23131-JUR 5<\/a><\/em><\/td>\n<td style=\"width: 10%; background-color: #ebf5fe;\"><a href=\"\/jur_data\/Consultations\/Umfrage_d_Haftung%20bei%20Sch%C3%A4den%20die%20von%20einem%20Fahrzeug%20verursacht%20wurden.docx\">WORD<\/a><\/td>\n<\/tr>\n<tr>\n<td style=\"text-align: left; width: 46.6176%; background-color: #ebf5fe;\">Survey on the rules applicable to liability and insurance in the event of damage caused by a vehicle<\/p>\n<p><em>Background information: <a href=\"\/jur_data\/Consultations\/LAW-23131-JUR-e-Survey-Liability%20and%20insurance-damage%20caused%20by%20a%20vehicle.pdf\">LAW-23131-JUR 5<\/a><\/em><\/td>\n<td style=\"width: 10%; background-color: #ebf5fe;\"><a href=\"\/jur_data\/Consultations\/Survey_e_Liability%20for%20damage%20caused%20by%20a%20vehicle.docx\">WORD<\/a><\/td>\n<\/tr>\n<\/tbody>\n<\/table>\n<p>[\/vc_column_text][\/vc_column][\/vc_row]<\/p>\n<\/div>","protected":false},"excerpt":{"rendered":"<p>[vc_row][vc_column][vc_column_text] Consultation \/ Konsultation \/ Consultation [\/vc_column_text][\/vc_column][\/vc_row][vc_row][vc_column][vc_column_text] &nbsp; LAW-22005-JUR &nbsp; Questionnaire sur l\u2019utilisation d\u2019un langage neutre du point de vue du genre (jusqu&#8217;au 25 Fevrier 2022)<span class=\"excerpt-hellip\"> [\u2026]<\/span><\/p>\n","protected":false},"author":1,"featured_media":0,"parent":36,"menu_order":100,"comment_status":"closed","ping_status":"closed","template":"","meta":{"footnotes":""},"class_list":["post-1103","page","type-page","status-publish","hentry"],"_links":{"self":[{"href":"https:\/\/extranet.otif.org\/jur\/index.php?rest_route=\/wp\/v2\/pages\/1103","targetHints":{"allow":["GET"]}}],"collection":[{"href":"https:\/\/extranet.otif.org\/jur\/index.php?rest_route=\/wp\/v2\/pages"}],"about":[{"href":"https:\/\/extranet.otif.org\/jur\/index.php?rest_route=\/wp\/v2\/types\/page"}],"author":[{"embeddable":true,"href":"https:\/\/extranet.otif.org\/jur\/index.php?rest_route=\/wp\/v2\/users\/1"}],"replies":[{"embeddable":true,"href":"https:\/\/extranet.otif.org\/jur\/index.php?rest_route=%2Fwp%2Fv2%2Fcomments&post=1103"}],"version-history":[{"count":31,"href":"https:\/\/extranet.otif.org\/jur\/index.php?rest_route=\/wp\/v2\/pages\/1103\/revisions"}],"predecessor-version":[{"id":6314,"href":"https:\/\/extranet.otif.org\/jur\/index.php?rest_route=\/wp\/v2\/pages\/1103\/revisions\/6314"}],"up":[{"embeddable":true,"href":"https:\/\/extranet.otif.org\/jur\/index.php?rest_route=\/wp\/v2\/pages\/36"}],"wp:attachment":[{"href":"https:\/\/extranet.otif.org\/jur\/index.php?rest_route=%2Fwp%2Fv2%2Fmedia&parent=1103"}],"curies":[{"name":"wp","href":"https:\/\/api.w.org\/{rel}","templated":true}]}}