{"id":1111,"date":"2019-01-28T16:05:03","date_gmt":"2019-01-28T16:05:03","guid":{"rendered":"http:\/\/otif.ch\/en\/?page_id=1111"},"modified":"2022-02-09T13:25:23","modified_gmt":"2022-02-09T13:25:23","slug":"ad-hoc-committee-on-cooperation","status":"publish","type":"page","link":"https:\/\/extranet.otif.org\/jur\/?page_id=1111","title":{"rendered":"Commission ad hoc sur la coop\u00e9ration \/ Ad-hoc-Ausschuss f\u00fcr Kooperation \/ Ad hoc Committee on Cooperation"},"content":{"rendered":"<div class=\"wpb-content-wrapper\"><p>[vc_row][vc_column][vc_column_text]<\/p>\n<h3 style=\"text-align: left;\">Commission ad hoc sur la coop\u00e9ration (2019-2021)<\/h3>\n<h3 style=\"text-align: left;\">Ad-hoc-Ausschuss f\u00fcr Kooperation (2019-2021)<\/h3>\n<h3 style=\"text-align: left;\">Ad hoc Committee on Cooperation (2019-2021)<\/h3>\n<h3 style=\"text-align: left;\"><img decoding=\"async\" class=\"alignnone\" src=\"http:\/\/otif.org\/fileadmin\/images\/icons\/line.png\" width=\"800\" height=\"1\" \/><\/h3>\n<p>&nbsp;<\/p>\n<p>&nbsp;<\/p>\n<ul style=\"list-style-type: circle;\">\n<li><a href=\"?page_id=1018\"><b>1<sup>re<\/sup> session : <\/b>27 mars 2019 (Berne)<b>\u00a0\/ 1. Tagung: <\/b>27. M\u00e4rz 2019 (Bern)<b> \/ 1<sup>st<\/sup> Session<\/b>: 27 March 2019 (Berne)<\/a><\/li>\n<\/ul>\n<p>&nbsp;<\/p>\n<ul style=\"list-style-type: circle;\">\n<li><a href=\"?page_id=1019\"><b>2<sup>e<\/sup> session : <\/b>29 octobre 2019 (Vilnius)<b> \/ 2. Tagung: <\/b>29. Oktober 2019 (Vilnius) <b>\/ 2<sup>nd<\/sup> Session<\/b>: 29 October 2019 (Vilnius)<\/a><\/li>\n<\/ul>\n<p>&nbsp;<\/p>\n<ul style=\"list-style-type: circle;\">\n<li><a href=\"?page_id=1119\"><b>3<sup>e<\/sup> session : <\/b>22 avril 2020 (Berne) \u2013 Report\u00e9e au 20 octobre 2020 (r\u00e9union \u00e0 distance)<b> \/ 3. Tagung: <\/b>22. April 2020 (Bern) \u2013 Verschoben auf den 20. Oktober (Sitzung per Videokonferenz)<b>\/ 3<sup>rd<\/sup> Session<\/b>: 22 April 2020 (Berne) \u2013 Postponed to 20 October 2020 (remote meeting)<\/a><\/li>\n<\/ul>\n<p>&nbsp;<\/p>\n<ul style=\"list-style-type: circle;\">\n<li><a href=\"?page_id=138\"><b>4<sup>e<\/sup> session<\/b> : 13 avril 2021 (Gen\u00e8ve, r\u00e9union hybride) <b>\/ 4. Tagung: <\/b>13. April 2021 (Genf, Hybrid-Tagung) <b>\/ 4<sup>th<\/sup> Session<\/b>: 13 April 2021 (Geneva, hybrid meeting)<\/a><\/li>\n<\/ul>\n<p>&nbsp;<\/p>\n<p>&nbsp;<\/p>\n<table style=\"border-collapse: collapse; width: 100%; height: 131px;\">\n<tbody>\n<tr style=\"height: 25px;\">\n<td style=\"width: 100%; height: 25px; text-align: left; background-color: #ebf5fe;\"><strong>Pages associ\u00e9es\/ Verwandte Seiten \/ Related pages:<\/strong><\/td>\n<\/tr>\n<tr style=\"height: 53px;\">\n<td style=\"width: 100%; height: 53px; text-align: left; background-color: #ebf5fe;\">\n<ul>\n<li><a href=\"\/jur\/?page_id=1101\">2019 -2021: Groupe de travail d&#8217;experts juridiques \/ Arbeitsgruppe der Rechtsexperten \/ Working Group of Legal Experts (GTEJ)<\/a><\/li>\n<\/ul>\n<\/td>\n<\/tr>\n<\/tbody>\n<\/table>\n<p>[\/vc_column_text][\/vc_column][\/vc_row]<\/p>\n<\/div>","protected":false},"excerpt":{"rendered":"<p>[vc_row][vc_column][vc_column_text] Commission ad hoc sur la coop\u00e9ration (2019-2021) Ad-hoc-Ausschuss f\u00fcr Kooperation (2019-2021) Ad hoc Committee on Cooperation (2019-2021) &nbsp; &nbsp; 1re session : 27 mars 2019<span class=\"excerpt-hellip\"> [\u2026]<\/span><\/p>\n","protected":false},"author":1,"featured_media":0,"parent":5613,"menu_order":11,"comment_status":"closed","ping_status":"closed","template":"","meta":{"footnotes":""},"class_list":["post-1111","page","type-page","status-publish","hentry"],"_links":{"self":[{"href":"https:\/\/extranet.otif.org\/jur\/index.php?rest_route=\/wp\/v2\/pages\/1111","targetHints":{"allow":["GET"]}}],"collection":[{"href":"https:\/\/extranet.otif.org\/jur\/index.php?rest_route=\/wp\/v2\/pages"}],"about":[{"href":"https:\/\/extranet.otif.org\/jur\/index.php?rest_route=\/wp\/v2\/types\/page"}],"author":[{"embeddable":true,"href":"https:\/\/extranet.otif.org\/jur\/index.php?rest_route=\/wp\/v2\/users\/1"}],"replies":[{"embeddable":true,"href":"https:\/\/extranet.otif.org\/jur\/index.php?rest_route=%2Fwp%2Fv2%2Fcomments&post=1111"}],"version-history":[{"count":18,"href":"https:\/\/extranet.otif.org\/jur\/index.php?rest_route=\/wp\/v2\/pages\/1111\/revisions"}],"predecessor-version":[{"id":5936,"href":"https:\/\/extranet.otif.org\/jur\/index.php?rest_route=\/wp\/v2\/pages\/1111\/revisions\/5936"}],"up":[{"embeddable":true,"href":"https:\/\/extranet.otif.org\/jur\/index.php?rest_route=\/wp\/v2\/pages\/5613"}],"wp:attachment":[{"href":"https:\/\/extranet.otif.org\/jur\/index.php?rest_route=%2Fwp%2Fv2%2Fmedia&parent=1111"}],"curies":[{"name":"wp","href":"https:\/\/api.w.org\/{rel}","templated":true}]}}